 digit of 251241813?
1
What is the ten millions digit of 147976534?
4
What is the ten millions digit of 861486382?
6
What is the hundred thousands digit of 1047943483?
9
What is the thousands digit of 36834289?
4
What is the units digit of 544269166?
6
What is the hundreds digit of 18234673?
6
What is the tens digit of 620688514?
1
What is the thousands digit of 125859540?
9
What is the ten millions digit of 867795418?
6
What is the units digit of 29893309?
9
What is the hundred millions digit of 366027687?
3
What is the tens digit of 2218770156?
5
What is the ten millions digit of 6364732376?
6
What is the units digit of 44400300?
0
What is the millions digit of 580336797?
0
What is the tens digit of 15184958?
5
What is the hundred thousands digit of 21505764?
5
What is the units digit of 31644392?
2
What is the hundred thousands digit of 67157835?
1
What is the units digit of 115350664?
4
What is the ten millions digit of 14613267?
1
What is the thousands digit of 5523264596?
4
What is the hundred thousands digit of 87189549?
1
What is the ten thousands digit of 21116720?
1
What is the hundreds digit of 1728262042?
0
What is the millions digit of 894939386?
4
What is the millions digit of 499589880?
9
What is the millions digit of 139017479?
9
What is the units digit of 976036178?
8
What is the hundred millions digit of 1375802157?
3
What is the tens digit of 295553452?
5
What is the hundred millions digit of 5107096377?
1
What is the ten millions digit of 758720982?
5
What is the ten thousands digit of 1208457838?
5
What is the thousands digit of 27239371?
9
What is the ten millions digit of 25189420?
2
What is the millions digit of 21463575?
1
What is the units digit of 70455098?
8
What is the ten thousands digit of 17668492?
6
What is the units digit of 65675020?
0
What is the hundreds digit of 290911096?
0
What is the millions digit of 1752251814?
2
What is the hundred thousands digit of 545521787?
5
What is the units digit of 1683313110?
0
What is the tens digit of 28637294?
9
What is the thousands digit of 26662183?
2
What is the ten millions digit of 1722180747?
2
What is the tens digit of 529866545?
4
What is the hundred thousands digit of 201907129?
9
What is the tens digit of 44547351?
5
What is the ten millions digit of 7453535940?
5
What is the millions digit of 313430919?
3
What is the ten millions digit of 172117029?
7
What is the ten thousands digit of 31202508?
0
What is the thousands digit of 75102588?
2
What is the units digit of 2563820402?
2
What is the millions digit of 2168038?
2
What is the millions digit of 54459748?
4
What is the hundreds digit of 241665979?
9
What is the tens digit of 194139406?
0
What is the ten millions digit of 183925342?
8
What is the units digit of 203770591?
1
What is the millions digit of 5522984933?
2
What is the millions digit of 18442655?
8
What is the hundred thousands digit of 56233212?
2
What is the units digit of 753941413?
3
What is the millions digit of 1167338904?
7
What is the millions digit of 135175233?
5
What is the units digit of 28010463?
3
What is the millions digit of 12649167?
2
What is the hundred thousands digit of 1026439429?
4
What is the units digit of 29578159?
9
What is the units digit of 166147913?
3
What is the hundreds digit of 1212629135?
1
What is the hundred thousands digit of 127433635?
4
What is the units digit of 15152590?
0
What is the tens digit of 1168763203?
0
What is the ten millions digit of 56551975?
5
What is the millions digit of 55367819?
5
What is the hundreds digit of 6857604?
6
What is the units digit of 19854105?
5
What is the hundreds digit of 31081683?
6
What is the hundred millions digit of 296485935?
2
What is the hundred millions digit of 217523910?
2
What is the millions digit of 84142097?
4
What is the ten millions digit of 53742090?
5
What is the millions digit of 4030189582?
0
What is the units digit of 2811835622?
2
What is the units digit of 2982652054?
4
What is the units digit of 40367890?
0
What is the tens digit of 45117356?
5
What is the hundreds digit of 136361824?
8
What is the millions digit of 143247030?
3
What is the ten thousands digit of 2144423618?
2
What is the billions digit of 6219692756?
6
What is the units digit of 1503472508?
8
What is the millions digit of 728486709?
8
What is the thousands digit of 132839559?
9
What is the units digit of 1015118638?
8
What is the ten millions digit of 1843046664?
4
What is the hundred thousands digit of 4224275237?
2
What is the ten thousands digit of 223891824?
9
What is the tens digit of 1036819578?
7
What is the ten thousands digit of 1454552511?
5
What is the hundred millions digit of 157081449?
1
What is the thousands digit of 197838053?
8
What is the ten millions digit of 160772235?
6
What is the hundreds digit of 1466914126?
1
What is the hundred millions digit of 641739679?
6
What is the hundreds digit of 3663616647?
6
What is the ten thousands digit of 50096891?
9
What is the ten thousands digit of 4749285721?
8
What is the units digit of 144521640?
0
What is the millions digit of 214903651?
4
What is the hundreds digit of 2187385957?
9
What is the hundred millions digit of 1038272532?
0
What is the hundred thousands digit of 123803868?
8
What is the units digit of 270417441?
1
What is the units digit of 85088719?
9
What is the thousands digit of 4087012446?
2
What is the hundreds digit of 30302773?
7
What is the hundreds digit of 510955090?
0
What is the ten millions digit of 1794168492?
9
What is the ten thousands digit of 433359364?
5
What is the hundred thousands digit of 409476292?
4
What is the hundred thousands digit of 46141133?
1
What is the ten millions digit of 362008466?
6
What is the hundred millions digit of 3744923514?
7
What is the hundreds digit of 93581655?
6
What is the units digit of 153373782?
2
What is the hundred thousands digit of 841282712?
2
What is the ten millions digit of 36791660?
3
What is the thousands digit of 37965735?
5
What is the hundred thousands digit of 42172454?
1
What is the tens digit of 40529507?
0
What is the hundred millions digit of 105088801?
1
What is the thousands digit of 1379728854?
8
What is the hundreds digit of 62987937?
9
What is the millions digit of 71511076?
1
What is the ten thousands digit of 411738518?
3
What is the tens digit of 65360420?
2
What is the ten thousands digit of 5673709?
7
What is the ten thousands digit of 6638388106?
8
What is the ten millions digit of 33091255?
3
What is the tens digit of 15182278?
7
What is the tens digit of 182567232?
3
What is the millions digit of 14993346?
4
What is the ten millions digit of 427551651?
2
What is the ten millions digit of 72013948?
7
What is the tens digit of 751306918?
1
What is the units digit of 39340669?
9
What is the hundreds digit of 454592220?
2
What is the ten millions digit of 15856191?
1
What is the ten thousands digit of 139099546?
9
What is the ten millions digit of 187479648?
8
What is the thousands digit of 296736689?
6
What is the ten millions digit of 49868726?
4
What is the hundred millions digit of 2066478460?
0
What is the hundred thousands digit of 30653872?
6
What is the tens digit of 43315000?
0
What is the thousands digit of 3027510281?
0
What is the units digit of 231170162?
2
What is the ten millions digit of 232687619?
3
What is the thousands digit of 37691413?
1
What is the hundred millions digit of 209905116?
2
What is the hundreds digit of 31066780?
7
What is the tens digit of 877185074?
7
What is the units digit of 64352253?
3
What is the millions digit of 170151813?
0
What is the ten millions digit of 948859896?
4
What is the units digit of 1009122?
2
What is the hundred millions digit of 5186411355?
1
What is the tens digit of 32764812?
1
What is the ten millions digit of 365326095?
6
What is the millions digit of 716702123?
6
What is the thousands digit of 184615714?
5
What is the tens digit of 1476101194?
9
What is the hundreds digit of 8746300049?
0
What is the millions digit of 30289718?
0
What is the billions digit of 1211531084?
1
What is the thousands digit of 417554488?
4
What is the millions digit of 343545039?
3
What is the thousands digit of 27957077?
7
What is the thousands digit of 32770286?
0
What is the t